sor of f and r.
11
Let p = -4709 - -7882. Calculate the greatest common divisor of 38 and p.
19
Suppose -33465*b = -33449*b - 20128. Calculate the greatest common factor of b and 85.
17
Let q = 4552 + -4544. What is the highest common factor of 44 and q?
4
Let n(y) be the third derivative of -y**5/30 - 15*y**4/8 - 61*y**3/6 - 11*y**2 - 11*y. Let o be n(-21). What is the highest common factor of o and 54?
2
Let b = -1 + 18. Let q = 253 + -253. Suppose q*v + 98 = 3*v - 4*m, -2*m = -2. What is the highest common divisor of v and b?
17
Let j = -490 - -488. Let f be (30/(-90))/(j/840). Calculate the greatest common factor of 21 and f.
7
Let c be 2 + (6/(-9) + 2)*(-2064)/(-32). Calculate the greatest common factor of c and 1078.
22
Suppose -108 = 292*h - 145*h - 151*h. Calculate the highest common factor of 36 and h.
9
Let h be 4/(-2 - -4) - -25. Suppose 5*i = -3*y + 27, -22*i + 19*i - 9 = -y. Calculate the highest common divisor of y and h.
9
Let b be ((-3)/2)/(3 - (-413)/(-140)). Let j be (28 + 32)*b/(-4). What is the greatest common divisor of j and 18?
18
Suppose -341 = 5*j - 3*x, -4*j - 2*x + 7*x - 265 = 0. Let k(s) = 183*s - 1. Let d be k(1). Let z = j + d. Calculate the highest common factor of 16 and z.
16
Let n(s) = 168*s + 1146. Let c be n(-3). Calculate the highest common divisor of 749 and c.
107
Let a(k) = 19*k - 18. Let i be a(-9). Let w = i + 266. Suppose -13*u - w = -20*u. What is the greatest common divisor of u and 1?
1
Let y(c) = 25366*c**2 + 71*c + 55. Let d be y(-1). Calculate the highest common divisor of d and 100.
50
Suppose 0 = 4*j + 5*v - 184, 16*j - 2*v - 128 = 14*j. Calculate the highest common divisor of j and 238.
14
Suppose -m - 279 = -3*g, -5*g + 95 = 5*m - 350. What is the highest common factor of g and 621?
23
Suppose 3 = -3*n, 5*n - 140 - 255 = -5*f. Calculate the highest common factor of 190 and f.
10
Let t = 13517 + -12769. Calculate the greatest common divisor of 102 and t.
34
Let r = -217 + 223. Suppose r*v + 11 - 155 = 0. Let u(b) = 2*b**2 + 5*b - 4. Let i be u(-4). What is the highest common divisor of v and i?
8
Let g be 5*8/30*2343/(-2). Let p = -935 - g. What is the greatest common divisor of p and 57?
57
Let l(o) = 279*o + 1296. Let t be l(-4). Calculate the highest common divisor of t and 510.
30
Let o be -2 + 0 - 1168/(-28) - (-10)/35. Let u(j) = -3*j**3 - 3*j**2 + 3*j - 5. Let m be u(-5). Calculate the greatest common factor of o and m.
40
Let x(f) = 4*f**2 + 6*f - 7. Let k = -29 + 31. Let q be x(k). Let w be (104 - (-2 - -4)) + 3. Calculate the highest common divisor of q and w.
21
Suppose -o + 3*y + 0 + 9 = 0, 4*o = y + 69. Suppose -16*p = -3*t - o*p + 2677, 5*t + 5*p = 4460. What is the greatest common divisor of t and 47?
47
Let j(v) = 4*v**3 - 3*v + 3. Let q be j(1). Suppose 0 = -y + 3*y - q. Suppose y*r - 44 - 4 = 0. Calculate the greatest common factor of r and 6.
6
Suppose -8*h + 35*h - 596 - 268 = 0. Calculate the greatest common divisor of 2312 and h.
8
Suppose -3*t = -3*n - 0*t + 339, 484 = 4*n + 4*t. Let p = 360 + -321. Calculate the highest common divisor of n and p.
39
Suppose -4*z - 97*n + 100*n + 9565 = 0, -2*z + 4788 = 4*n. What is the highest common divisor of z and 130?
26
Let i = -14 + 32. Let l be 11940/70 + (-27)/(-63). Calculate the greatest common factor of i and l.
9
Let z = -5141 + 5961. Calculate the greatest common divisor of 30 and z.
10
Let j be (-56)/(-6) + (-20)/(-30). Suppose j*v - 76 = 6*v. Let t = -560 - -617. What is the highest common divisor of t and v?
19
Suppose 27 = 10*k - k. Let r be 11/22 - k/(-2). Calculate the greatest common factor of 16 and r.
2
Suppose 21*o - 12687 - 8838 = 0. What is the greatest common divisor of 41 and o?
41
Suppose 24*t - 3576 = 12*t. Suppose g = 4*r + 226, 3*g - t = -5*r + 448. Calculate the greatest common factor of 44 and g.
22
Let i = -84 - -259. Let l(b) = -112 + 76 - b + 147. Let s be l(41). What is the highest common factor of s and i?
35
Let r = -75 + 265. Let h(y) = -397*y - 3312. Let w be h(-8). Let o = r + w. Calculate the greatest common factor of o and 12.
6
Suppose -23 = -8*r + 89. Let a be (10/4)/((-1)/(-14)). What is the highest common factor of a and r?
7
Let s = 204 + -204. Let p(c) = c**3 + c + 3. Let l be p(s). What is the highest common divisor of 33 and l?
3
Let c be (23187/118)/((-15)/(-200)). Calculate the highest common divisor of c and 30.
10
Let f be 42/(-4)*68/(-119). Let c be f*(-4)/(-12)*15. Let p = c + -18. What is the highest common divisor of 4 and p?
4
Let s(y) = -y**2 - 18*y + 8. Let a be s(-17). Let h = 88 - a. Suppose 6*t - 9*t = -h. What is the greatest common factor of 63 and t?
21
Suppose a - 13 = -g, -2*g = -7*g - 4*a + 64. Let l be g/22 + 3120/88. What is the greatest common factor of 4 and l?
4
Let g(r) be the first derivative of 13*r**3 - 9*r**2/2 + r + 6. Let w be g(-1). What is the greatest common divisor of w and 98?
49
Let p = 2864 + -2766. Let m be 622/6 - 4/6. Let k = m - p. Calculate the greatest common divisor of k and 45.
5
Let r = -77 - -258. Let y = r + -177. What is the greatest common factor of 2 and y?
2
Let r = -2921 - -3893. Calculate the highest common divisor of 24 and r.
12
Let j be -110*(-36)/30 + 3*1. Suppose j = -5*g + 255. Calculate the highest common factor of g and 3.
3
Let n(z) = -2*z**3 - 40*z**2 + 2*z + 13. Let r be n(-20). Let l = r + 118. What is the highest common factor of 14 and l?
7
Let d(z) = -z**3 - 3*z**2 - 7. Let l be d(-3). Let r be l/(14/4) + 3/1. Suppose -c - 1 + 8 = 0. Calculate the greatest common divisor of c and r.
1
Let g be -5 - (-8 - 2*1*1/2). Let u be (-2594)/(-8) + 4/(-16). What is the greatest common factor of u and g?
4
Let o(l) = l**3 - 6*l**2 - 2*l - 2. Let y be o(5). Let n = y + 79. Suppose 3284*a = 3286*a - 28. What is the highest common divisor of n and a?
14
Let g(o) = -o**2 - 4*o + 66. Let c be g(0). Let z = c + -60. Suppose z*v = 420 - 60. Calculate the highest common factor of 24 and v.
12
Suppose -3*i - 500 = -7*i. Let u = 22 + i. Suppose 408 = 13*s + 135. Calculate the highest common factor of u and s.
21
Suppose 4*c - 21 + 21 = 0. Suppose c = -64*s + 63*s + 14. Calculate the highest common divisor of s and 7.
7
Let t be 11 - -70 - 12/4. What is the highest common divisor of t and 2418?
78
Let j be 1*9/(-15) - (-2555)/175. Calculate the greatest common divisor of j and 238.
14
Let d be 18/2*(-8 + -1). Let s = d - -172. What is the greatest common factor of 21 and s?
7
Let w(s) = 58*s - 6. Let h be w(3). Let r be 726/44*(-1 + (-14)/(-6)). Let m = r - -20. What is the highest common factor of m and h?
42
Suppose -20*p + 7*p + 715 = 0. Let t be (-1)/(4 - 3) - -1*4. Let d be 1/t*497 - (-2)/(-3). What is the highest common divisor of d and p?
55
Suppose 0 = -5*f + 58 - 13. Let h(w) = -18*w + 176. Let a be h(f). Calculate the highest common divisor of 70 and a.
14
Suppose 234*v + 5564 = -36566 + 175042. What is the greatest common divisor of v and 142?
142
Suppose -2693 + 273 = -20*v. Calculate the greatest common factor of v and 110.
11
Let i be ((-7)/(-4))/((-8)/(-416)). Let j = 143 - i. Calculate the greatest common divisor of j and 182.
26
Suppose 407 = 34*w - 23*w - 781. Calculate the greatest common factor of w and 1233.
9
Suppose -y - 4*x + 94 = 0, y - 3884*x - 90 = -3887*x. Let f(k) = 183*k - 1. Let b be f(1). What is the highest common factor of y and b?
26
Let k be -10 + 49 + 4/((-8)/2). Suppose -x - o = 3*o - 190, 3*x + 5*o - 570 = 0. What is the highest common factor of x and k?
38
Suppose 6*r - 1452 = -1338. What is the greatest common divisor of r and 29?
1
Let k be -3 + (-3 + 1)*(-60)/40. Suppose 4*l - 4*o - 288 = k, -392 = -5*l - 7*o + 28. What is the greatest common factor of 44 and l?
11
Suppose 6*p - 88 = 4*d, -d - 34 = -4*p + 13. Let v(h) = -h**3 + 4*h**2 - 3*h - 3. Let a be v(4). Let c = 35 + a. What is the greatest common divisor of p and c?
10
Let k be (195/(-1))/((-5)/(7 - 2)). Let g be (1/4)/(3/60). Suppose -g*l + 2 = -73. Calculate the highest common factor of k and l.
15
Suppose 0 = 5*z - 12178 - 4502. Calculate the greatest common divisor of 36 and z.
12
Let h = 3362 - 3310. What is the highest common factor of 12 and h?
4
Let s be (528/(-108))/(2/3)*-3. Suppose 3 = 5*l - s. What is the greatest common 